rime factors of 98.
2, 7
List the prime factors of 546.
2, 3, 7, 13
List the prime factors of 43873.
73, 601
List the prime factors of 6862.
2, 47, 73
What are the prime factors of 352?
2, 11
List the prime factors of 4204.
2, 1051
List the prime factors of 2555.
5, 7, 73
What are the prime factors of 5867?
5867
What are the prime factors of 877?
877
What are the prime factors of 2589?
3, 863
What are the prime factors of 63826?
2, 7, 47, 97
What are the prime factors of 6997?
6997
List the prime factors of 100716.
2, 3, 7, 11, 109
What are the prime factors of 155637?
3, 17293
List the prime factors of 31476.
2, 3, 43, 61
List the prime factors of 1673.
7, 239
What are the prime factors of 687?
3, 229
List the prime factors of 11584.
2, 181
List the prime factors of 6025.
5, 241
What are the prime factors of 2035?
5, 11, 37
What are the prime factors of 109554?
2, 3, 19, 31
What are the prime factors of 19003?
31, 613
List the prime factors of 12834.
2, 3, 23, 31
List the prime factors of 21848.
2, 2731
List the prime factors of 14910.
2, 3, 5, 7, 71
What are the prime factors of 24732?
2, 3, 229
List the prime factors of 11121.
3, 11, 337
What are the prime factors of 1128?
2, 3, 47
What are the prime factors of 36768?
2, 3, 383
What are the prime factors of 3008?
2, 47
What are the prime factors of 434?
2, 7, 31
List the prime factors of 2686.
2, 17, 79
What are the prime factors of 21065?
5, 11, 383
List the prime factors of 1469.
13, 113
What are the prime factors of 18191?
18191
List the prime factors of 1718.
2, 859
What are the prime factors of 97543?
23, 4241
List the prime factors of 3907.
3907
List the prime factors of 144174.
2, 3, 24029
List the prime factors of 35227.
35227
List the prime factors of 13855.
5, 17, 163
What are the prime factors of 448?
2, 7
List the prime factors of 2710.
2, 5, 271
List the prime factors of 2809.
53
List the prime factors of 234.
2, 3, 13
List the prime factors of 4383.
3, 487
What are the prime factors of 279?
3, 31
What are the prime factors of 25613?
7, 3659
What are the prime factors of 9486?
2, 3, 17, 31
List the prime factors of 4365.
3, 5, 97
What are the prime factors of 7279?
29, 251
What are the prime factors of 6469?
6469
What are the prime factors of 5565?
3, 5, 7, 53
What are the prime factors of 1700?
2, 5, 17
What are the prime factors of 545?
5, 109
What are the prime factors of 93724?
2, 23431
What are the prime factors of 44663?
59, 757
What are the prime factors of 287?
7, 41
What are the prime factors of 10280?
2, 5, 257
What are the prime factors of 3168?
2, 3, 11
What are the prime factors of 8178?
2, 3, 29, 47
What are the prime factors of 167374?
2, 53, 1579
List the prime factors of 12193.
89, 137
What are the prime factors of 13210?
2, 5, 1321
What are the prime factors of 28088?
2, 3511
What are the prime factors of 44?
2, 11
List the prime factors of 84263.
84263
List the prime factors of 3878.
2, 7, 277
List the prime factors of 25436.
2, 6359
List the prime factors of 15212.
2, 3803
What are the prime factors of 21954?
2, 3, 3659
List the prime factors of 1497.
3, 499
List the prime factors of 1474.
2, 11, 67
What are the prime factors of 2183?
37, 59
What are the prime factors of 5312?
2, 83
List the prime factors of 201.
3, 67
List the prime factors of 5251.
59, 89
What are the prime factors of 13776?
2, 3, 7, 41
List the prime factors of 5359.
23, 233
What are the prime factors of 174325?
5, 19, 367
List the prime factors of 64535.
5, 12907
List the prime factors of 25350.
2, 3, 5, 13
What are the prime factors of 4785?
3, 5, 11, 29
List the prime factors of 42619.
17, 23, 109
List the prime factors of 7394.
2, 3697
List the prime factors of 344.
2, 43
What are the prime factors of 8785?
5, 7, 251
What are the prime factors of 4414?
2, 2207
List the prime factors of 5738.
2, 19, 151
What are the prime factors of 3959?
37, 107
What are the prime factors of 17924?
2, 4481
List the prime factors of 2684.
2, 11, 61
What are the prime factors of 17176?
2, 19, 113
What are the prime factors of 67475?
5, 2699
What are the prime factors of 2651?
11, 241
List the prime factors of 1197.
3, 7, 19
What are the prime factors of 139382?
2, 69691
What are the prime factors of 30554?
2, 15277
List the prime factors of 1562.
2, 11, 71
What are the prime factors of 6633?
3, 11, 67
What are the prime factors of 4334?
2, 11, 197
List the prime factors of 4477.
11, 37
What are the prime factors of 833?
7, 17
List the prime factors of 142.
2, 71
What are the prime factors of 1595?
5, 11, 29
List the prime factors of 45785.
5, 9157
List the prime factors of 248.
2, 31
List the prime factors of 18006.
2, 3, 3001
What are the prime factors of 33830?
2, 5, 17, 199
What are the prime factors of 5488?
2, 7
What are the prime factors of 1026?
2, 3, 19
List the prime factors of 7771.
19, 409
What are the prime factors of 380?
2, 5, 19
List the prime factors of 7533.
3, 31
List the prime factors of 10529.
10529
List the prime factors of 138527.
83, 1669
What are the prime factors of 5212?
2, 1303
What are the prime factors of 1228?
2, 307
What are the prime factors of 2084?
2, 521
What are the prime factors of 9892?
2, 2473
List the prime factors of 76261.
76261
List the prime factors of 6804.
2, 3, 7
List the prime factors of 2133.
3, 79
What are the prime factors of 1225?
5, 7
List the prime factors of 85946.
2, 7, 877
What are the prime factors of 2197?
13
List the prime factors of 1435.
5, 7, 41
What are the prime factors of 1612?
2, 13, 31
What are the prime factors of 19024?
2, 29, 41
List the prime factors of 256.
2
What are the prime factors of 5061?
3, 7, 241
What are the prime factors of 1052?
2, 263
What are the prime factors of 26867?
67, 401
List the prime factors of 65993.
65993
List the prime factors of 25364.
2, 17, 373
List the prime factors of 23684.
2, 31, 191
What are the prime factors of 7414?
2, 11, 337
What are the prime factors of 32226?
2, 3, 41, 131
What are the prime factors of 1453?
1453
What are the prime factors of 70722?
2, 3, 3929
List the prime factors of 3056.
2, 191
List the prime factors of 19489.
19489
List the prime factors of 35652.
2, 3, 2971
What are the prime factors of 113189?
113189
What are the prime factors of 10939?
10939
What are the prime factors of 61737?
3, 13, 1583
What are the prime factors of 48615?
3, 5, 7, 463
What are the prime factors of 319?
11, 29
What are the prime factors of 26336?
2, 823
What are the prime factors of 6900?
2, 3, 5, 23
What are the prime factors of 172633?
172633
List the prime factors of 22197.
3, 7, 151
List the prime factors of 3613.
3613
List the prime factors of 81025.
5, 7, 463
List the prime factors of 26425.
5, 7, 151
List the prime factors of 2488.
2, 311
List the prime factors of 6161.
61, 101
List the prime factors of 2782.
2, 13, 107
What are the prime factors of 11915?
5, 2383
List the prime factors of 16900.
2, 5, 13
What are the prime factors of 1108?
2, 277
What are the prime factors of 779?
19, 41
List the prime factors of 1734.
2, 3, 17
What are the prime factors of 42946?
2, 109, 197
What are the prime factors of 1880?
2, 5, 47
List the prime factors of 17195.
5, 19, 181
List the prime factors of 26490.
2, 3, 5, 883
List the prime factors of 7444.
2, 1861
What are the prime factors of 41274?
2, 3, 2293
What are the prime factors of 12730?
2, 5, 19, 67
What are the prime factors of 5845?
5, 7, 167
List the prime factors of 22885.
5, 23, 199
What are the prime factors of 1986?
2, 3, 331
List the prime factors of 143.
11, 13
List the prime factors of 57900.
2, 3, 5, 193
What are the prime factors of 1411?
17, 83
What are the prime factors of 1493?
1493
List the prime factors of 679.
7, 97
What are the prime factors of 161?
7, 23
What are the prime factors of 1024?
2
What are the prime factors of 2516?
2, 17, 37
What are the prime factors of 4619?
31, 149
What are the prime factors of 3647?
7, 521
List the prime factors of 14185.
5, 2837
List the prime factors of 1176.
2, 3, 7
What are the prime factors of 1538?
2, 769
List the prime factors of 8099.
7, 13, 89
List the prime factors of 15463.
7, 47
List the prime factors of 8712.
2, 3, 11
List the prime factors of 3925.
5, 157
What are the prime fa